{"id":5,"date":"2011-03-23T06:26:41","date_gmt":"2011-03-23T06:26:41","guid":{"rendered":"http:\/\/www.wiedeck.de\/wp\/?page_id=5"},"modified":"2026-03-19T15:20:12","modified_gmt":"2026-03-19T15:20:12","slug":"about-me","status":"publish","type":"page","link":"http:\/\/www.wiedeck.de\/?page_id=5","title":{"rendered":"About me"},"content":{"rendered":"<p>Das bin ich<\/p>\n<p><strong>Alter:<\/strong> 4x (1. November)<br><strong>Momentane T\u00e4tigkeit:<br><\/strong><a href=\"http:\/\/www.facius-berlin.de\/\" target=\"_blank\" rel=\"noopener noreferrer\">Facius Industrievertretungen OHG<\/a>: Systemadministration \/ Vertrieb \/ Innendienst \/ Au\u00dfendienst<\/p>\n<p><strong>Hobbys:<\/strong> Tennis, Eishockey<br><strong>Hier spiele ich Tennis: <\/strong><a href=\"http:\/\/www.ntc93.de\/\" target=\"_blank\" rel=\"noopener noreferrer\">Neuenhagener TC 93 e.V.<\/a>, <a href=\"http:\/\/www.beach-tennis-berlin.de\">Beach Tennis Berlin e.V.<\/a><br><strong>Lieblingstennisspieler: <\/strong>Roger Federer, Andre Agassi, Stefan Edberg, Pete Sampras, Mansour Bahrami, Naomi Osaka<br><strong>Lieblingssportler:<\/strong> Sven Felski, Eric Cole, Denis Pederson<br><strong>Noch was zum Thema Tennis: <\/strong>C-Schiedsrichter DTB &amp; B-Oberschiedsrichter DTB<br><strong><br>Lieblingsmusik:<\/strong> Herbert Gr\u00f6nemeyer, Marius M\u00fcller-Westernhagen, Avril Lavigne, Pink, Leona Heine<\/p>\n<p><strong>Besuchte Konzerte \/ Events:<br>Herbert Gr\u00f6nemeyer<\/strong> (22x: 10x Waldb\u00fchne, 4x Mercedes-Benz Arena (o2 World), 2x Olympiastadion Berlin, Velodrom Berlin, Rewirpower-Stadion Bochum, C-Halle, Lausitzring, Kindl-B\u00fchne Berlin, Max-Schmeling-Halle Berlin)<br><strong>Leona Heine (<\/strong>sehr oft \ud83d\ude42<strong>)<br>Marius M\u00fcller-Westernhagen<\/strong> (5x: 2x Waldb\u00fchne, Olympiastadion, Max-Schmeling-Halle, o2 World)<br><strong>Avril Lavigne<\/strong> (3x: 2x Columbiahalle, Arena Berlin Treptow)<br><strong>Annett Louisan <\/strong>(2x: Admiralspalast, Schiller-Theater)<br><strong>Peter Fox<\/strong> (2x Waldb\u00fchne Berlin, Kindl-B\u00fchne Berlin (mit SEEED))<br><strong>P!nk<\/strong> (2x: Waldb\u00fchne Berlin, TUI Arena Hannover)<br><strong>Katzenjammer<\/strong> (2x: Zitadelle Spandau, C-Halle Berlin)<br><strong>Rolling Stones<\/strong> (Olympiastadion Berlin)<br><strong>PUR<\/strong> (Velodrom Berlin)<br><strong>Wolfgang Petry<\/strong> (Olympiastadion Berlin)<br><strong>R.E.M.<\/strong> (Velodrom Berlin)<br><strong>Wir sind Helden<\/strong> (3x: 2x Kindl-B\u00fchne, 1x C-Halle)<br><strong>Britney Spears <\/strong>(Velodrom Berlin)<br><strong>a-ha <\/strong>(o2 World Hamburg)<br><strong>Jean-Michel Jarre<\/strong> (o2 World Berlin)<br><strong>Ina M\u00fcller<\/strong> (o2 World Berlin)<br><strong>Sting &amp; Paul Simon<\/strong> (o2 World Berlin)<br><strong>Robbie Williams<\/strong> (Waldb\u00fchne Berlin)<br><strong>Tapeface<\/strong> (Passionskirche Berlin)<br><strong>Ehrlich Brothers<\/strong> (Mercedes Benz Arena Berlin)<br><strong>David Copperfield<\/strong> (ICC Berlin)<br><strong>Julius Dein<\/strong> (Columbiatheater Berlin)<br><strong>TV Noir<\/strong> (Admiralspalast Berlin)<\/p>\n<p><strong>Lieblingsfernsehsendung: <\/strong> Monk, Eureka, Home Improvement <em>(dt: H\u00f6r\u00b4 mal, wer da h\u00e4mmert&#8230;),<\/em>&nbsp; Stranger Things, Designated Survivor, The Crown, 24<br><strong>Lieblingsschauspieler:<\/strong> Bruce Willis, Adam Sandler, Robin Williams, Tim Allen<br><strong>Lieblingsfilme:<\/strong> Zur\u00fcck in die Zukunft 1-3, fast alles mit Bruce Willis<br><strong>Besuchte TV-Sendungen:<\/strong> &#8222;TV Total on Ice&#8220; im Berliner Wellblechpalast, TV-Aufzeichnung des &#8222;Quatsch Comedy Club&#8220; im Friedrichstadtpalast Berlin<\/p>\n<p><strong>Lieblingssportvereine:<\/strong> EHC Eisb\u00e4ren Berlin, Neuenhagener TC 93<\/p>\n<p><strong>Meine sch\u00f6nsten Sport-Erlebnisse:<\/strong><br>der Aufstieg von Hertha BSC 2011<br>DEL-Play-Off-Finale 2025: Eisb\u00e4ren vs. K\u00f6lner Haie (11. Meisterschaft)<br>DEL-Play-Off-Finale 2024: Eisb\u00e4ren vs. Bremerhaven (10. Meisterschaft)<br>DEL-Play-Off-Finale 2022: Eisb\u00e4ren vs. M\u00fcnchen (9. Meisterschaft)<br>DEL-Play-Off-Finale 2021: Eisb\u00e4ren vs. Wolfsburg (8. Meisterschaft) &#8211; nur TV<br>DEL-Play-Off-Finale 2013: Eisb\u00e4ren vs. K\u00f6ln (7. Meisterschaft)<br>DEL-Play-Off-Finale 2012: Eisb\u00e4ren vs. Mannheim (6. Meisterschaft)<br>DEL-Play-Off-Finale 2011: Eisb\u00e4ren vs. Wolfsburg (5. Meisterschaft)<br>der 9,58-Sekunden-Lauf von Usain Bolt am 16.8.2009 in Berlin;<br>DEL-Play-Off-Finale 2009: Eisb\u00e4ren vs. D\u00fcsseldorf (4. Meisterschaft);<br>DEL-Play-Off-Finale 2008: Eisb\u00e4ren vs. K\u00f6ln (3. Meisterschaft!);<br>DEL-Play-Off-Finale 2006: Eisb\u00e4ren vs. D\u00fcsseldorf (2. Meisterschaft!);<br>DEL-Play-Off-Finale 2005: Eisb\u00e4ren vs. Mannheim (1. Meisterschaft!);<br>DFB-Pokal-Halbfinale 2001: Union vs. M\u2019Gladbach;<br>das Ruhrpott-Derby am 14.9.2002: Dortmund vs. Schalke auf der S\u00fcdtrib\u00fcne im Westfalenstadion;<br>und eigentlich alle Berlin-Derbys Eisb\u00e4ren vs. Caps<\/p>\n<p><strong>Besuchte Sport-Events <\/strong>(das nicht allt\u00e4gliche :-)):<br>Wimbledon 2025 (Viertelfinal-Tag)<br>Formel E in Berlin 2018, 2019 (Flughafen Tempelhof)<br>Ligue 1: Paris Saint Germain vs. FC Metz 2018 (Prinzenpark Paris)<br>Nitto ATP-Finals 2017, 2019 (The O2 London)<br>NextGen ATP Finals 2019 (Allianz Cloud Mailand)<br>Serie A: Inter Mailand vs. Hellas Verona 2019 (Guiseppe Meazza Stadion Mailand)<br>Eisb\u00e4ren Berlin vs. Chicago Blackhawks 2019 (Mercedes Benz Arena Berlin)<br>Gerry-Weber-Open 2016, 2017 (Halle, Westfalen)<br>Abschiedsspiel von Sven Felski 2013 (Wellblechpalast Berlin)<br>RaboDirect PRO12 Rugby: Leinster vs. Munster 2012 (AVIVA Stadium Dublin)<br>Olympische Spiele 2012 in London (Tennis in Wimbledon, Fu\u00dfball in Wembley)<br>NHL-Saison-Spiel Buffalo Sabres vs. L.A. Kings 2011 (o2 World Berlin)<br>NBA Preseason-Game New Orleans Hornets &#8211; Washington Wizards 2008 (O2 World Berlin)<br>Eisb\u00e4ren Berlin vs. Tampa Bay Lightning 2008 (o2 World Berlin)<br>IBF-WM-Kampf Arthur Abraham vs. Khoren Gevor 2007 (Max-Schmeling-Halle Berlin)<br>Beachvolleyball-WM 2005 in Berlin<br>Deutschland-Cup, Eishockey (Deutschland &#8211; Slowakei &amp; USA &#8211; Schweiz) 2004 in Hannover<br>Weltcup-Skispringen 2004 in Willingen<br>Sechstagerennen 2004, 2005, 2011, 2015, 2016, 2017 in Berlin<br>WM-Kampf Sven Ottke vs. Byron Mitchell 2003 in Berlin<br>DEL-Allstar-Game 2003 in K\u00f6ln<br>BBL-Allstar-Day 2001, 2002 in Berlin<br>DFB-Pokalfinale 2001 (Union Berlin &#8211; Schalke 04) in Berlin<br>ISTAF 2001, 2006, 2010 in Berlin<br>DTM 2000 auf dem Lausitzring<br>Beru TopTen 2000 in Oschersleben<br>SC Magdeburg vs. USV Cottbus (Handball) 1999 in Altlandsberg<br>DFB-Hallenpokal-Turniere 1995, 1996, 2000 in Berlin<br>Giants on Kart 1995 in Berlin<\/p>\n<p><strong>Besuchte Spiele bei der FIFA WM 2006:<\/strong> <em><br>Vorrunde in Berlin:<br><\/em>Brasilien &#8211; Kroatien (1:0)<br>Schweden &#8211; Paraguay (1:0)<br>Ecuador &#8211; Deutschland (0:3)<br>Ukraine &#8211; Tunesien (1:0)<\/p>\n<p><em>Viertelfinale in Berlin:<br><\/em>Deutschland &#8211; Argentinien (5:3 n.E.)<\/p>\n<p><em>Finale in Berlin:<br><\/em>Italien &#8211; Frankreich (6:4 n.E.)<\/p>\n<p><strong>Mittelkreisbannertr\u00e4ger bei:<\/strong><br>Brasilien &#8211; Kroatien in Berlin 2006 (WM-Vorrunde)<br>Schweden &#8211; Paraguay in Berlin 2006 (WM-Vorrunde)<\/p>\n<p><strong>Volunteer bei: <\/strong><br>FIFA Weltmeisterschaft 2006 (Bereich Personal-Management)<br>Deutsche DFB-Pokal-Endspiele 2007 (Leitstelle), 2008, 2009, 2010 (jeweils Ostplatz), 2011, 2012, 2013 (Verteiler), 2014, 2015<br>Hertha BSC Berlin Saison seit 2007<br>Leichtathletik-WM 2009 in Berlin (Ticketing\/Signage)<br>DFB-L\u00e4nderspiele GER-ENG (2008 &amp; 2016), GER-T\u00dcR (2010), GER-SWE (2012) in Berlin<br>Champions-League Finale 2015 in Berlin<\/p>\n<p><strong>&nbsp;<\/strong><\/p>\n<table border=\"0\" width=\"244\" cellspacing=\"0\" cellpadding=\"0\">\n<tbody>\n<tr>\n<td>&nbsp;<\/td>\n<td colspan=\"3\" valign=\"top\">&nbsp;<\/td>\n<\/tr>\n<\/tbody>\n<\/table>\n\n\n<p><\/p>\n","protected":false},"excerpt":{"rendered":"<p>Das bin ich Alter: 4x (1. November)Momentane T\u00e4tigkeit:Facius Industrievertretungen OHG: Systemadministration \/ Vertrieb \/ Innendienst \/ Au\u00dfendienst Hobbys: Tennis, EishockeyHier spiele ich Tennis: Neuenhagener TC&#8230;<\/p>\n<div class=\"more-link-wrapper\"><a class=\"more-link\" href=\"http:\/\/www.wiedeck.de\/?page_id=5\">Weiterlesen<span class=\"screen-reader-text\">About me<\/span><\/a><\/div>\n","protected":false},"author":1,"featured_media":0,"parent":0,"menu_order":1,"comment_status":"closed","ping_status":"closed","template":"","meta":{"ngg_post_thumbnail":0,"footnotes":""},"class_list":["post-5","page","type-page","status-publish","hentry","entry"],"_links":{"self":[{"href":"http:\/\/www.wiedeck.de\/index.php?rest_route=\/wp\/v2\/pages\/5","targetHints":{"allow":["GET"]}}],"collection":[{"href":"http:\/\/www.wiedeck.de\/index.php?rest_route=\/wp\/v2\/pages"}],"about":[{"href":"http:\/\/www.wiedeck.de\/index.php?rest_route=\/wp\/v2\/types\/page"}],"author":[{"embeddable":true,"href":"http:\/\/www.wiedeck.de\/index.php?rest_route=\/wp\/v2\/users\/1"}],"replies":[{"embeddable":true,"href":"http:\/\/www.wiedeck.de\/index.php?rest_route=%2Fwp%2Fv2%2Fcomments&post=5"}],"version-history":[{"count":56,"href":"http:\/\/www.wiedeck.de\/index.php?rest_route=\/wp\/v2\/pages\/5\/revisions"}],"predecessor-version":[{"id":299,"href":"http:\/\/www.wiedeck.de\/index.php?rest_route=\/wp\/v2\/pages\/5\/revisions\/299"}],"wp:attachment":[{"href":"http:\/\/www.wiedeck.de\/index.php?rest_route=%2Fwp%2Fv2%2Fmedia&parent=5"}],"curies":[{"name":"wp","href":"https:\/\/api.w.org\/{rel}","templated":true}]}}